 is the hundreds digit of c?
1
Let t = -592 - -828. What is the units digit of t?
6
Let k be (-6)/(-2) - 5/(-2 + 7). What is the tens digit of -88*(-3 + 1/k)?
2
Suppose 0 = 3*o - 5*t - 35, -5*o - 3*t = -0*o - 81. What is the units digit of 21/o + (-2)/5?
1
Suppose 0 = -3*y - 3*y + 18. Suppose -4*w = 0, 0*w = -y*t + 3*w + 732. What is the units digit of t?
4
Suppose 2*v + 815 = 5*v - 2*u, 3*v + 4*u - 845 = 0. Let z(y) = -y - 1. Let g be z(-5). Suppose -t + v = g*t. What is the units digit of t?
5
Suppose d - 3 = 0, -5*d + 28 = -4*c + 325. Let a(k) = k - 4. Let o be a(4). Suppose o*l - 3*l = -c. What is the tens digit of l?
2
Let o = 53 - 47. Suppose o*y - 5*y = 49. What is the units digit of y?
9
Suppose 5*v + 4*u = -191, -4*v + 0*v = -3*u + 128. What is the hundreds digit of 2808/28 + 5/(v/2)?
1
Let k(a) = 3*a**2 - 11*a + 31. What is the tens digit of k(18)?
0
Suppose -16226 = -13*q - 1328. What is the tens digit of q?
4
Suppose -2*a = -2*t + 2*a + 5238, 4*t - 10449 = -a. What is the thousands digit of t?
2
Let m = 16 - 12. Let v = m - 5. What is the units digit of v - (-8)/12*6?
3
What is the units digit of (1/2*809)/(53/106)?
9
Let l(b) = b**2 + 37*b + 1611. What is the units digit of l(0)?
1
Suppose -4*t - 46 = -2*t. Let a = t + 28. Suppose -131 - 19 = -a*q. What is the units digit of q?
0
Let b(d) = 3*d**2 - 5*d - 38. What is the units digit of b(6)?
0
What is the units digit of ((-5)/(-5))/((-1)/(-63))?
3
Suppose -6*s + 4*s = -120. Let z = -302 + 391. Let b = z - s. What is the tens digit of b?
2
Let x(n) = 100*n - 3. What is the units digit of x(10)?
7
Suppose 0 = -18*w + 1755 + 675. Let k = w - -26. What is the units digit of k?
1
Let m be (1 + 27/(-1))/2. Let y(c) = -c**2 - 17*c + 2. What is the units digit of y(m)?
4
Let v = -222 + 613. What is the hundreds digit of v?
3
Let v be (1 + 13)*(3/(-2) - -6). What is the tens digit of ((-504)/49)/((-3)/v)?
1
Suppose -5*w - 5*d + 5 = 0, -4*w + 2*d + 21 = -1. Suppose 3*o - 5*j + 3 = -4, -2*o - 6 = -w*j. What is the units digit of o?
1
Let p be (-90)/(-10)*(-2)/(-12)*2. Suppose -p*x - 459 = -3*v, 4*x = 2*v + 3*v - 760. What is the tens digit of v?
4
Let c be (6/(-8))/(1/(-4)). Let k(t) = t**3 - 5*t**2 + t - 4. Let a be k(c). Let p = -5 - a. What is the units digit of p?
4
Suppose 3*b - 9 = 0, -3645 = -3*l - 2*b + 504. What is the thousands digit of l?
1
Let s(k) = 351*k**2 - 23*k + 49. What is the tens digit of s(2)?
0
Suppose 0 = -2*n - 3*u + 1312, -2*n + 5*n = -3*u + 1974. What is the tens digit of n?
6
Suppose -5*w = -0*w - 10. Suppose 164 = w*y - 100. What is the tens digit of y?
3
Let j = 7039 - 4842. What is the hundreds digit of j?
1
Let c(x) = -x**2 + 18*x - 2. Suppose 5*v - 78 = 2. Let q = 1 + v. What is the units digit of c(q)?
5
Let n be (-280)/(-45) - 0 - 4/18. Suppose 7 + 5 = s. Let r = s - n. What is the units digit of r?
6
Let u = 4664 + -3302. What is the units digit of u?
2
Let b = -395 + 236. Let w = b - -229. What is the tens digit of w?
7
Let i(k) = -k**2 + 7*k - 4. Let l be i(5). What is the units digit of (-5 + 3)*(-3)/l + 19?
0
Let c = -43 - -71. Let p = 110 - c. What is the units digit of p?
2
Let v(b) = 26*b**2 - 17*b + 54. What is the tens digit of v(6)?
8
Suppose 20*t - 262 + 82 = 0. What is the units digit of 208/t + (-5)/45?
3
Suppose 3*y + 5*s + 13 + 0 = 0, 3*s + 27 = 3*y. Let q be ((-2)/(-4))/((-1)/2). What is the units digit of 14 - (12/y + q)?
2
Suppose -7*j = -1073 - 5227. What is the tens digit of j?
0
Let v(w) = 47*w**2 - 2*w - 2. Let j be ((-20)/8 + 2)*-8. Suppose -i - j + 3 = 0. What is the tens digit of v(i)?
4
Suppose -49*q - h - 6006 = -52*q, -q + h + 2000 = 0. What is the units digit of q?
3
Suppose 4*h + k - 7 = 8, -5*k = h + 1. Let m be 0 + 9/3 - -122. Suppose h*w - m = 5*p, -5*w - 29 = -2*p - 164. What is the units digit of w?
5
Let n = -35 + 38. Suppose 0*b = -n*b - a + 252, 0 = a. What is the units digit of b?
4
Suppose -38250 = -296*o + 279*o. What is the thousands digit of o?
2
Let c be 5/1*(3 + -2). Suppose c*l - 2*u - 575 = 0, l - 88 = -5*u - 0*u. What is the hundreds digit of l?
1
Let s(o) = -o + 2. Let h be s(-15). Let n = 21 - h. What is the units digit of (n + (-27)/(-12))*4?
5
Let r be 2/7 - (-324)/42. Suppose -5*h + r = -h. Suppose -3 = h*z - 29. What is the units digit of z?
3
Let f(z) = 22*z + 38. Let m be f(5). Let w = m - 124. What is the units digit of w?
4
Let k(g) = 4*g**2 + 16*g - 27. What is the units digit of k(-13)?
1
Suppose 0 = -52*i + 56*i - 508. Let y = i - 71. What is the units digit of y?
6
Let r(b) = 109*b - 81. Let n(o) = 68*o - 54. Let z(k) = -8*n(k) + 5*r(k). Let a(s) = -s**3 + 6*s**2 - 8. Let q be a(6). What is the units digit of z(q)?
9
What is the tens digit of 2055 + (45/(-9) - -2)?
5
Let v(u) = u**3 - 7*u**2 + 8*u - 2. Let d(w) = w**2 + 2*w. Let i be d(-7). Let c be 84/i*5/2. What is the units digit of v(c)?
0
Suppose -89*z + 94*z = 6135. What is the tens digit of z?
2
Let m(k) = -k**3 + 6*k**2 + 7*k + 4. Let z be m(7). Suppose 5*j + y = 22, -z*y = -0*j + 5*j - 13. Suppose 48 = j*h - 2*h. What is the tens digit of h?
1
Let l(s) = s**3 + 4*s**2 + 4. Let f be l(-4). What is the tens digit of -10*((-8)/(-10) - f)?
3
Suppose 0 = -10*z + 5*z - 2*t + 13479, 4*t + 10772 = 4*z. What is the units digit of z?
5
Suppose -6 = f + 124. Let i = f + 242. What is the hundreds digit of i?
1
Let u(k) = 7*k**2 + k - 2. Let t be u(-2). What is the units digit of 0 + (-2)/(-3) + 560/t?
4
Let c(l) = -l**3 + 10*l**2 + 28*l - 13. What is the hundreds digit of c(11)?
1
Let z = -280 - -460. What is the units digit of z?
0
Suppose 4*s + 8 - 68 = 0. Let j be (-2)/(4/1)*0. Let f = j + s. What is the tens digit of f?
1
Let p = -1524 + 2370. What is the units digit of p?
6
Let c be (16/12 + -3)*3. Let m be ((-14)/(-10) - 2)*c. Suppose -2*g + 5 = m*g. What is the units digit of g?
1
Suppose o - 113 = -5*j, -4*j - 77 = 4*o - 449. Suppose 836 = 7*l - o. What is the hundreds digit of l?
1
What is the units digit of -1*-2*(-21)/(-6)?
7
Suppose 4*f - 129 = -3*i + 6*i, 126 = 4*f - 2*i. Suppose -1 = 2*g - 9. Suppose -f = -g*y + 50. What is the tens digit of y?
2
Let i(j) = -7*j + 30. What is the units digit of i(-4)?
8
Let p(o) = o**3 + 6*o**2 + o + 10. Let h be p(-6). Suppose 6*s - h*s = 100. What is the units digit of s?
0
Let k(t) = 9*t - 46. Let l be k(-11). What is the tens digit of 6*2/((-20)/l)?
8
Suppose 4*z - 15 = 3*d, 0 = -0*z - 3*z - 9. Let m be 14 - d - (-1 + 3). Suppose -3*k = 3*x - 2*k - m, 5*x - 35 = 5*k. What is the units digit of x?
7
Suppose -r - 80 = -5*r. What is the tens digit of -5*(-4)/r - -27?
2
What is the units digit of (-6*1)/(267/(-76540))?
0
Suppose 3*c = -0*c - 4*p + 25, 95 = 5*c - 4*p. Suppose -c*y + 921 = -1824. What is the hundreds digit of y?
1
Let b(l) = l + 13. Let c be b(-9). Suppose 0 = -c*a - 4, 0 = 5*i - a - 168 - 248. What is the tens digit of i?
8
Suppose -2*z + 20 = 2*z. Suppose -85 = -2*i + 5*q, 5*i - 124 = z*q + 96. What is the units digit of i?
5
Suppose 0 = 7*r + 248 - 920. What is the units digit of r?
6
Let j = 1699 - 523. What is the hundreds digit of j?
1
Suppose 2*j = 3*n + 3356, 2*j - 3364 = -12*n + 13*n. What is the thousands digit of j?
1
Let r be 6/(-15) - ((-694)/(-5))/(-2). Suppose -2*v - 2*d = -6, 3*v + 5*d + 21 = 7*v. Suppose v*k = r + 15. What is the tens digit of k?
2
Let g(k) = 6*k**2 - k + 1. What is the units digit of g(3)?
2
Let a(s) = s**2 - 8*s + 13. Let l be a(6). Let v(m) = 129*m**3 + 2*m - 2. What is the units digit of v(l)?
9
What is the hundreds digit of (3365/(-30))/(9/(-378))?
7
Let d be 2480/(-18) + 2/(-9). Let x = d + 210. What is the units digit of (x/(-8))/(6/(-8))?
2
Let q = 1419 - 1363. What is the tens digit of q?
5
Let v = -24 - -28. What is the units digit of 1/v + 315/20?
6
Let s(f) = -9 - f**3 + 22*f**2 - 38*f**2 + 26*f**2 + 7*f. What is the units digit of s(8)?
5
Let m = 38 + 1. Suppose -4*s = 4*o - 48, 4*s = 8*s - 2*o - 54. Let a = m - s. What is the units digit of a?
6
Suppose -s - 27 = -4*s. Suppose -k + s = 3*p - 21, -4*k = 5*p - 120. What is the tens digit of 535/k + 4/24?
1
Let f = 5 - 0. Suppose -2*d - 190 = 4*q - 9*q, f = -d. Suppose -q = -3*w + 36. What is the units digit of w?
4
Suppose -t - 5*l = -178, -2*t + 4*l = -58 - 312. What is the tens digit 